 hundreds digit of m?
5
Suppose -3*r = 11*t - 332377, 4*t - r + 15748 = 136627. What is the hundreds digit of t?
2
Let a = 229 + -243. Let y(t) = -10*t - 42. What is the units digit of y(a)?
8
Suppose 36*b - 397 = 35*b. Let w = b - -36. What is the units digit of w?
3
Suppose 0 = 4*u - 2*h - 13414, -u - 4*u + 4*h = -16766. What is the hundreds digit of u?
3
Let j(v) = 148*v + 117. Let y be j(4). Let l = y + -72. What is the hundreds digit of l?
6
Let y = -2845 - -3456. What is the hundreds digit of y?
6
Let q be (-243258)/(-24) - 3 - (-2)/8. Suppose -22*i = 607 - q. What is the units digit of i?
3
Suppose 545072 + 73977 = 16*w - 476199. What is the thousands digit of w?
8
Suppose 4*j = -20, 2*h - 4*j - 14 = 3*h. Let m(a) = a**2 - 4*a + 4. Let t be m(h). Suppose -4*g = -52 - t. What is the tens digit of g?
1
What is the ten thousands digit of (-40452586)/(-2264) + 1 + (-11)/4?
1
Let m = 645 + -210. Suppose -5*c = 5*y - m, 5*y + c - 420 = 15. What is the tens digit of y?
8
Let a(h) = -7*h**3 - h**2 + 3*h - 3. Let s be a(2). What is the hundreds digit of (10/(-6))/(s/32661)?
9
Suppose 0 = 57*s - 1517867 - 433129. What is the tens digit of s?
2
Suppose 0 = 5*i + 8*r - 12*r, -4*i + 3*r + 1 = 0. Suppose 4502 = i*c - f, -6*c = -5*c + 5*f - 1115. What is the tens digit of c?
2
Suppose 28*h - 727512 = 1012072. What is the tens digit of h?
2
Let a = -3 - -5. Let u be -4 - -42*a/3. What is the tens digit of 2/3 - (-704)/u?
3
Suppose 0 = 23*w - 5567 - 4001. What is the tens digit of w?
1
Let i = 179 + -67. Suppose 2*m - 4*m = i. Let y = -5 - m. What is the units digit of y?
1
Suppose -2*k = 2*u - 2, -5*u + 0*k + 5*k = -5. Let s(p) = 218*p**3 - 2*p**2 + 1. What is the tens digit of s(u)?
1
Let z = -20732 - -48008. What is the ten thousands digit of z?
2
Let b(p) = 0*p - 18*p**3 - 2*p - 1 + p + 0*p. Let z be b(2). Let v = 298 + z. What is the tens digit of v?
5
What is the tens digit of ((-4)/14)/(80/(-11874520))?
0
Suppose -110*m + 112*m + 3*u = 11049, -2*m + 4*u + 11070 = 0. What is the thousands digit of m?
5
Let i = -401 - -395. Let d(l) = -17*l + 54. What is the hundreds digit of d(i)?
1
Let d be ((-30)/(-12))/((-5)/(-8)). Suppose 0 = -2*n + 448 + d. What is the tens digit of n?
2
Let w(t) = 8*t - 2*t**2 - 3*t**2 + 3*t**2 - t**3 + 2. Suppose -12*y + 9*y = 18. What is the tens digit of w(y)?
9
Suppose -47*j - 123879 = -3*z - 51*j, -4*z + 3*j = -165197. What is the ten thousands digit of z?
4
Let a be (3 - 1)*(-8)/(-56)*-7. Let j(k) = -31*k - 1. What is the tens digit of j(a)?
6
Suppose 41*x + 83*x - 386650 = 86*x. What is the hundreds digit of x?
1
Let n = 695 + -1092. Let b = n + 751. What is the hundreds digit of b?
3
Suppose -11*m + 62 = -9*m - 3*p, 0 = -3*m + 5*p + 92. What is the tens digit of (42/12)/(-2 + 69/m)?
1
Suppose -3*c = 5*l - 44857 - 191030, -l + 47151 = 5*c. What is the units digit of l?
1
Suppose 286750 = 104*i - 50210. What is the hundreds digit of i?
2
Let l be 4/(-16)*2*4. Let a(y) = 36*y. Let k be a(l). Let i = 12 - k. What is the units digit of i?
4
Suppose 3*a - 32 = -41, -3*s = 3*a - 2025. Let v = s + -580. What is the units digit of v?
8
Let z = -28 - -12. Let q = z + 18. Suppose -q*u - 160 = -4*u. What is the units digit of u?
0
Let d be (56/(-6))/((-514)/102 - -5). Let x = 717 - d. What is the units digit of x?
9
Let u(i) = 26*i**2 + 55*i - 8. What is the thousands digit of u(6)?
1
Let g(h) be the second derivative of h**7/1260 - 3*h**5/10 - 25*h**4/12 + 27*h. Let o(w) be the third derivative of g(w). What is the units digit of o(-9)?
6
Let o(r) = -57*r**3 - 12*r**2 + 53. What is the ten thousands digit of o(-6)?
1
Suppose 17 = 3*l + 32. What is the units digit of (6/105)/((-1)/l)*791?
6
Let d(k) = -4*k + 47. Let v = -112 + 124. Let n be d(v). What is the units digit of -4 - -209 - (-3)/n?
2
Let b(m) = -1003*m**2 + 16*m + 1. Let j(w) = 4013*w**2 - 65*w - 3. Let o(g) = -9*b(g) - 2*j(g). What is the thousands digit of o(-1)?
1
Suppose -239*b - 210043 = -243*b + d, -2*b = 2*d - 105044. What is the units digit of b?
3
Let y(l) = -13 - 4*l + 17*l**2 - 23 + 12. What is the tens digit of y(-5)?
2
What is the thousands digit of ((-7978)/2)/((-29)/(-58))*3/(-6)?
3
Let v = -4522 + 6862. What is the hundreds digit of v?
3
Suppose -2*d = 5*f - 100, 2*f + 3*d - 16 - 24 = 0. What is the units digit of 910/f*(-216)/(-21)?
8
Suppose -2*i + 8*i - 48 = 0. Suppose i = -5*m + 23. Suppose -w + 400 = m*w. What is the tens digit of w?
0
Let z(q) = 3*q**2 + 71*q + 74. Let b be (-418)/12 + (-1)/(42/(-35)). What is the hundreds digit of z(b)?
1
Let y(v) = 1658*v**2 + 81*v + 230. What is the tens digit of y(-3)?
0
Let v be -2 + -1 - (2 + 0). Let p be (v/2 - 0)*(-1143 - 13). Suppose -19*k - p + 7089 = 0. What is the tens digit of k?
2
What is the thousands digit of 41455 + 864 - 10/1?
2
Let j = -41643 - -68259. Suppose 0 = 4*z + 20*z - j. What is the thousands digit of z?
1
Let y = 1930 + 200. What is the units digit of y?
0
Let j(l) be the second derivative of -85*l**3/6 - 4*l**2 - 26*l. What is the hundreds digit of j(-3)?
2
Let w(a) = -4*a - 9*a + 3*a. Let z be 4/(-12)*(-2 + 26). What is the tens digit of w(z)?
8
What is the thousands digit of (9 - 7)/(24/(-1311))*-40?
4
Suppose 8*v = 11*v + 3, 2*r - 3*v = 5. Let p be -1*11*(-1)/r. Suppose -132 = p*z - 14*z. What is the tens digit of z?
4
Suppose 2*b - 3 = -3*i, -10 = 5*b + 2*i + 10. Let g be b/15 + 1 + (-3)/5. Suppose u - 47 = -2*z, 5*u = -g*u + 3*z + 183. What is the tens digit of u?
3
Let h = 93 + -77. Let r = -7 + h. What is the units digit of (0 + -2 + -1)/(r/(-264))?
8
What is the units digit of 45/6*141568/192?
0
What is the thousands digit of -7 - (-10)/(((-2)/(-4) - 1)/(-743))?
4
What is the units digit of ((-16)/(-40))/((-2)/5) - -8714?
3
Let j be 274/(-18) - 4/(-18). Let b(u) = -37370647 - 11*u + u + 37370619. What is the units digit of b(j)?
2
Let x(l) = -4044*l - 6438. What is the units digit of x(-5)?
2
Suppose 4*j - 5*b - 4687 = 0, -7*b - 7023 = -6*j - 2*b. What is the units digit of j?
8
Suppose 0 = q - 3*v - 5471, -4*q - 33*v + 38*v + 21849 = 0. What is the hundreds digit of q?
4
Let d be 1524/(-4) - (-4 - (-1 + 1)). Let y = -223 - d. What is the tens digit of y?
5
What is the tens digit of 1*2259292/36 + (52/18 - 3)?
5
Let p(x) = 364*x + 9726. What is the thousands digit of p(64)?
3
Suppose -2*z + 11*z = 17037. Let a = -105 + z. What is the thousands digit of a?
1
Let c be (18/(-45))/((-1)/4010*2). Suppose 4*q + c = 2198. What is the units digit of q?
9
Suppose 4*y - 2*w - 2 = 0, 3*y - 2*w = 8*y - 16. Suppose 0 = -5*i + 3*g + 1033, y*g + 197 = i - g. What is the units digit of i?
9
Let p be (-535)/(-20) - (-1)/4. Let g = p + -28. Let v(d) = -25*d - 5. What is the tens digit of v(g)?
2
Suppose -919*b + 913*b = -44958. What is the units digit of b?
3
Suppose -2*r - 3*r = 5*x - 940, 3*x - 756 = -4*r. Let q(y) = 9*y**2 + 4*y + 17. Let b be q(4). Suppose -9*j + b = -r. What is the units digit of j?
1
Let o be (5*5/100)/((-4)/(-32)). Suppose 3*d + 3*t + 946 - 2788 = 0, 3*d - o*t - 1847 = 0. What is the units digit of d?
5
Let u be 119/14*(-30)/(-9)*15. Suppose 426 = 23*f - u. What is the units digit of f?
7
Let a be 124/30 + 32/(-240). Suppose 2 = -2*c - 2*u + 4, 5*u = -2*c - a. Suppose 3*w - 15 = 0, -c*g - w + 325 = -2*w. What is the hundreds digit of g?
1
Let f(v) = 35*v**2 - 138*v + 3. What is the thousands digit of f(19)?
0
Suppose -79 + 19 = -4*x. Let j be 10/x - 8/(-6). Suppose -j*q + 1 = -67. What is the tens digit of q?
3
Let q(d) = -d**3 - 12*d**2 - 5*d - 3. Let f be q(-5). Let s = f - -309. Suppose 0 = -61*u + 58*u + s. What is the units digit of u?
2
What is the thousands digit of (2 + (-21)/6)/((-6)/76304)?
9
Suppose 17 = -17*y - 85. Let m(k) = -53*k + 2. What is the tens digit of m(y)?
2
Let x = 116 - 111. Suppose 5*d = -x*i + 225, -7 = -i - 3*d + 38. What is the tens digit of i?
4
Let n(g) = -g**2 + 13*g - 30. Let d be n(11). Let u(k) = -2*k + 51. What is the units digit of u(d)?
7
Let d be 12*((-2)/(-4) + 1/2). Let x be ((-4)/(-8) - 2/8)*d. Suppose -57 = -6*g + x*g. What is the units digit of g?
9
Suppose -5*c = 2*z - 541, -c = -0*c + z - 110. Suppose -3369 = -4*j - 3*p, j - c = -5*p + 748. What is the units digit of j?
0
Let q(d) = 104*d - 225. Let v be q(-15). Let k 